= -5*l. Let t be r(l). Let f = t + -3. What is the remainder when 16 is divided by f?
4
Let f(l) = -8*l - 1. Let v be f(-7). Suppose 28 = 2*o - 3*n, -1 = -4*o + 3*n + v. What is the remainder when o is divided by 5?
4
Suppose 3*x - 2 = o - 14, -2*o - 3*x + 6 = 0. Suppose -q = -3*v - 12 - 11, 4*v = 3*q - 69. Calculate the remainder when q is divided by o.
5
Let y(w) = 1 - 9*w + w**2 + 0 + 4 + 6. What is the remainder when (-186)/(-10) - 4/(-10) is divided by y(9)?
8
Calculate the remainder when 132 is divided by ((45/6)/3)/(5/90).
42
Suppose 122*f - 126*f = -364. What is the remainder when f is divided by 19?
15
Let f = 190 - 141. Calculate the remainder when f is divided by 13.
10
Let u(l) = -l**2 + 8*l - 4. Calculate the remainder when 22 is divided by u(6).
6
Let h = 18 - 11. Let f(w) = -7*w - 11. Let o be f(-5). Let g = o - 11. Calculate the remainder when g is divided by h.
6
Suppose -5*f - 2*x - 2*x = -32, x - 11 = -2*f. Suppose 0*n + n + 2*k = -5, 3*n - 25 = 4*k. Calculate the remainder when f is divided by n.
1
Suppose -6*b + 9*b = 18. Calculate the remainder when b is divided by 2.
0
Suppose q = -3*q. Let x be (2/(-9))/(19/(-171)). What is the remainder when 11 is divided by q + x - -2*1?
3
Let r(i) be the third derivative of i**4/12 - i**3/2 + 2*i**2. What is the remainder when 12 is divided by r(5)?
5
Suppose -2*y = -2*g + 52, -4*g - 3*y + 95 = 2*y. Suppose 0 = -4*z + 44 - 8. Calculate the remainder when g is divided by z.
7
Let z = 1 + 13. Let p(w) = w**2 + 3*w + 9. Let l be (2 - 1)/(1/(-6)). Calculate the remainder when p(l) is divided by z.
13
Calculate the remainder when 237 is divided by (-54)/189 - 422/(-7).
57
Let x(v) = v**3 - 8*v**2 - 2*v + 2. Let d be x(8). Let h(i) = i**2 + 2*i + 2. Let o be h(-2). Let c = o - d. What is the remainder when 46 is divided by c?
14
Let g(z) = z**3 - 8*z**2 + 8*z + 3. Suppose 3*r - 3 = 6. Suppose 0 = h + r, 3*b + 3*h - 90 = 5*h. Calculate the remainder when b is divided by g(7).
8
Suppose -143 = -3*c - 53. Calculate the remainder when 88 is divided by c.
28
Let s(b) = b**2 - 4*b + 6. Let p(f) = -f**2 + 6*f + 4. Let h be p(7). Let q = h - -7. Calculate the remainder when 17 is divided by s(q).
5
Let i(t) = -4*t + 5. Suppose 25 = -4*b + c, b + c + 1 + 4 = 0. Calculate the remainder when i(b) is divided by (6/3 + 0)*5.
9
Let v be 2/12 - 10525/(-30). Suppose -5*u - 76 = -v. Calculate the remainder when u is divided by 14.
13
Suppose 5*a = 4*a + 14. Let t(p) = -4*p**3 - p**2 + p + 1. Let x = -7 - -5. Calculate the remainder when t(x) is divided by a.
13
Let j(n) = n**2 + 1. Let t be j(-3). Suppose o + 24 = 5*o. Suppose -2*u - 3*g = -22, -2*u - t = -o*g + g. What is the remainder when 9 is divided by u?
4
Let z(q) = -q**3 + 4*q**2 - q - 3. Let n be z(3). Suppose -2*l - 2*k = -n*k - 42, -l = -4*k - 35. What is the remainder when l is divided by 7?
5
Let m(s) = -17*s - 3. Let n be m(-3). Suppose -3*f + 7*f = n. Let j(r) = r**3 - 13*r**2 + 12*r + 16. Calculate the remainder when j(f) is divided by 9.
7
Let g(o) = -o - 4. Let v be (-6 + 5)*(1 - 1). Let r be g(v). What is the remainder when 31 is divided by 9 + (-1)/(2/r)?
9
What is the remainder when (-2)/(-2) + (-2)/((-14)/175) is divided by 7?
5
Suppose 6 - 8 = -y. Suppose 0 = -0*v + 3*v - m - 23, -3*v + 47 = 5*m. What is the remainder when 310/12 - y/(-12) is divided by v?
8
Let u(g) = 2*g**3 + g**2 + g - 3. Let p be u(3). What is the remainder when 0/(-1) + (38 - -2) is divided by (p/15)/(1/5)?
19
Let r = 58 + -36. Suppose -3*n + r = -2*n + 4*g, -3*n - 5*g = -52. Suppose -3*o + 24 = 2*y, -y = -o + 4*y + 8. Calculate the remainder when n is divided by o.
6
Let l = 12 - 7. Suppose g - l = -0*g. What is the remainder when 19 is divided by g?
4
Let h(x) = 3*x**2 - 6*x. Calculate the remainder when h(4) is divided by 9.
6
Let k = 46 - 21. Calculate the remainder when 48 is divided by k.
23
Suppose 18 = -0*t + 3*t. Suppose 2*a - t = 2. Suppose 3*o - 49 = -i - 3*i, -a*i + 5*o = -25. What is the remainder when 29 is divided by i?
9
Let k = -30 - -48. Let g = -1 + k. Calculate the remainder when g is divided by 6.
5
Suppose 5*b - 8 - 7 = 0. Let k be (-1*6)/(b + -1). What is the remainder when 12 is divided by (k - -2)*-2 - -5?
5
Let c(j) = -j**2 - 15*j - 17. What is the remainder when 33 is divided by c(-13)?
6
Calculate the remainder when 0 - (-4 - (-4 + 81)) is divided by 21.
18
Suppose 0 = 3*c - 9*c + 114. Let l(g) = g**3 - 6*g**2 + 6*g - 1. Let q be l(5). Suppose 16 = q*j - 12. Calculate the remainder when c is divided by j.
5
Let p = 1 - 1. Suppose -2*t + 0*t + 16 = p. What is the remainder when (-1)/(-3)*3*15 is divided by t?
7
Suppose -4*p = v + 6 - 86, 5*p = 2*v - 225. Suppose -3*z - 2*z + v = 0. What is the remainder when 58 is divided by z?
18
Suppose -3*d + 2*g - 48 = -214, 2*g + 224 = 4*d. Let a = -119 + d. Calculate the remainder when 4/6 - a/3 is divided by 11.
10
Suppose -5*y + 29 = -2*s, 2*s + 4*y + 20 = -0*s. Calculate the remainder when (-2 - 20/s)*-15 is divided by 3.
2
Let m = 4 - 2. Let u(y) = -y**2. Let f be u(m). Let l(z) = z + 7. Calculate the remainder when 7 is divided by l(f).
1
Let x be -1 - -2 - -124 - -1. Suppose 4*c + 2*r - x = 0, -2*c - 24 = -3*c + 2*r. What is the remainder when c is divided by 11?
8
Let y(q) = 24*q**3 - 2*q**2 + 1. Let i be y(1). Let u = i - 6. What is the remainder when u is divided by 6?
5
Suppose -p + 4*j = -46, -4*p = -j - 158 - 41. Calculate the remainder when 147 is divided by p.
47
Suppose -7*q + 0*q = -21. What is the remainder when (0/2)/2 - -10 is divided by q?
1
Let v(s) = -24*s**3 - s**2 - 2*s - 1. Let p(i) = i**2 + 4*i. Calculate the remainder when p(5) is divided by v(-1).
21
Let g(f) = -3*f + 19. What is the remainder when g(-8) is divided by 23?
20
Suppose -3 = -2*v + 7. Suppose -v*m + 15 - 5 = 0. Let i = -1 + 3. Calculate the remainder when i is divided by m.
0
Suppose -13 + 71 = n. Calculate the remainder when 227 is divided by n.
53
Let l be (18/(-27))/(2/(-9)). Suppose 0 = -0*v - l*v + 36. What is the remainder when 45 is divided by v?
9
Suppose -5*w + 20 + 70 = 0. Suppose 4*p = -5*k + 240 - 86, 0 = -k - 4*p + w. What is the remainder when k is divided by 9?
7
Suppose 19 + 24 = w. Calculate the remainder when w is divided by 21 + 4/(-4) + 2.
21
Let x = -5 - -11. Suppose 0 = -x*n + 6 + 18. Calculate the remainder when 8 is divided by n.
0
Suppose 26 - 134 = -6*n. Calculate the remainder when 33 is divided by n.
15
Let l = 147 - 136. Calculate the remainder when 97 is divided by l.
9
Let a = -150 + 173. Let y = 18 + -12. What is the remainder when a is divided by y?
5
Let w = 9 - 15. Suppose 3*z + 0 = 3. What is the remainder when (32/(-6))/(z/w) is divided by 17?
15
Suppose 0 = 3*f - u - 224, -f - 3*u = -2*f + 80. What is the remainder when f is divided by 19?
17
Let h = 53 - 47. Calculate the remainder when 15 is divided by h.
3
Let w(b) = -b**3 - 6*b**2 - 6*b - 2. Let k be w(-4). Let c be ((-25)/k)/((-2)/(-4)). Suppose i = c*i - 68. What is the remainder when i is divided by 6?
5
Let h be 4/18 - (-50)/18. Suppose 0 = b - 2*b + h. Suppose b*t = t + 6. Calculate the remainder when 5 is divided by t.
2
Suppose 4*s - 29 = -5*v, 4*s - 17 = 3*s + 2*v. What is the remainder when 19 is divided by s?
8
Let n = 28 - 15. Let h = n - 6. Calculate the remainder when 25 is divided by h.
4
Let l(x) = 8*x**2 + 3*x - 3. Let t(o) = -o + 6. What is the remainder when l(2) is divided by t(-6)?
11
Let g = 2 + 0. Suppose g*w - w - 10 = 0. Let h = 30 - 1. Calculate the remainder when h is divided by w.
9
Let g be (5/4 + 0)*20. Suppose 4*p - 19 - g = -4*x, -4*p + x = -44. What is the remainder when 41 is divided by p?
8
Let i(p) = -13*p - 1. Let t(y) = -y**3 + 5*y**2 + 7*y - 4. Let x be t(6). Let h be ((-4)/x*1)/1. What is the remainder when i(h) is divided by 9?
7
Suppose 0 = 3*u - 23 + 17. Suppose -5*v = 4*f - 35, -5*v - 2*f = -0*f - 25. Suppose -g - 10 = -v*g. What is the remainder when g is divided by u?
1
Let r(l) = -l + 54. What is the remainder when r(0) is divided by 19?
16
Let y = -208 - -291. What is the remainder when y is divided by 17?
15
Let r(q) = 3*q + 6. What is the remainder when 41 is divided by r(3)?
11
Suppose 0 = 4*k + 2*w - 52, k + 3*w = -k + 30. What is the remainder when k is divid